{"id":6,"date":"2015-06-22T12:41:55","date_gmt":"2015-06-22T12:41:55","guid":{"rendered":"http:\/\/www.desentupidoratop.com.br\/site\/?page_id=6"},"modified":"2015-07-09T19:18:11","modified_gmt":"2015-07-09T19:18:11","slug":"home","status":"publish","type":"page","link":"https:\/\/www.desentupidoramolaforte.com.br\/site\/","title":{"rendered":"Home"},"content":{"rendered":"<div class=\"row clearfix\"><div class=\"title_line margin-b20\"><h3 class=\"featured_article_title\" data-rt-animate=\"animate\" data-rt-animation-type=\"fade\" data-rt-animation-group=\"single\"> Conhe\u00e7a nossos produtos e servi\u00e7os<\/h3><\/div><div id=\"portfolio-carousel-711496\" class=\"carousel-holder clearfix rounded_carousel_holder with_heading \" data-rt-animation-group=\"single\" data-rt-animation-type=\"fadeIn\" data-rt-animate=\"animate\"><section class=\"carousel_items clearfix\"><div class=\"owl-carousel\"><div class=\"item\">\n\n\n\t<!-- portfolio image -->\n\t\t<div class=\"imgeffect\"> \n\n\t\t\t \t\t\t\n\n\t\t\t\t\t\t\t<a href=\"https:\/\/www.desentupidoramolaforte.com.br\/site\/servicos\/desentupidora-de-redes-coletoras\/\" target=\"_self\" class=\"icon-link single\" title=\"Desentupidora de redes coletoras\" rel=\"bookmark\" ><\/a>\n\t\t\t  \n\n\n\t\t\t<img decoding=\"async\" src=\"https:\/\/www.desentupidoramolaforte.com.br\/site\/wp-content\/uploads\/2015\/07\/Desentupidora-de-redes-coletoras-.jpg\" alt=\"\" class=\"\" \/>\n\t\t<\/div>\n\n\t\t\t\t\t\n\t<div class=\"portfolio_info\">\n\n\t\t\t\t\t<!-- title-->\n\t\t\t<h4>\n\t\t\t\t<a href=\"https:\/\/www.desentupidoramolaforte.com.br\/site\/servicos\/desentupidora-de-redes-coletoras\/\" target=\"_self\"  title=\"Desentupidora de redes coletoras\" rel=\"bookmark\">Desentupidora de redes coletoras<\/a>\t\n\t\t\t<\/h4>\n\t\t\n\t\t\t\t\t<!-- text-->\n\t\t\t<p>A coleta e o transporte das \u00e1guas residu\u00e1rias desde a origem at\u00e9 o lan\u00e7amento final constituem o fundamento b\u00e1sico do saneamento de uma popula\u00e7\u00e3o. <\/p>\t\t\t<\/div>\n<\/div>\n<div class=\"item\">\n\n\n\t<!-- portfolio image -->\n\t\t<div class=\"imgeffect\"> \n\n\t\t\t \t\t\t\n\n\t\t\t\t\t\t\t<a href=\"https:\/\/www.desentupidoramolaforte.com.br\/site\/servicos\/desentupidora-de-vasos-sanitarios\/\" target=\"_self\" class=\"icon-link single\" title=\"Desentupidora de Vasos Sanit\u00e1rios\" rel=\"bookmark\" ><\/a>\n\t\t\t  \n\n\n\t\t\t<img decoding=\"async\" src=\"https:\/\/www.desentupidoramolaforte.com.br\/site\/wp-content\/uploads\/2015\/07\/Desentupidora-de-Vasos-Sanitarios-480x360.png\" alt=\"Desentupidora de Vasos Sanit\u00e1rios\" class=\"\" \/>\n\t\t<\/div>\n\n\t\t\t\t\t\n\t<div class=\"portfolio_info\">\n\n\t\t\t\t\t<!-- title-->\n\t\t\t<h4>\n\t\t\t\t<a href=\"https:\/\/www.desentupidoramolaforte.com.br\/site\/servicos\/desentupidora-de-vasos-sanitarios\/\" target=\"_self\"  title=\"Desentupidora de Vasos Sanit\u00e1rios\" rel=\"bookmark\">Desentupidora de Vasos Sanit\u00e1rios<\/a>\t\n\t\t\t<\/h4>\n\t\t\n\t\t\t\t\t<!-- text-->\n\t\t\t<p>Realizamos a desobstru\u00e7\u00e3o por meio de equipamento modernos, removendo toda a sujeira sem a necessidade de quebrar pisos ou azulejos.<\/p>\t\t\t<\/div>\n<\/div>\n<div class=\"item\">\n\n\n\t<!-- portfolio image -->\n\t\t<div class=\"imgeffect\"> \n\n\t\t\t \t\t\t\n\n\t\t\t\t\t\t\t<a href=\"https:\/\/www.desentupidoramolaforte.com.br\/site\/servicos\/caca-vazamentos\/\" target=\"_self\" class=\"icon-link single\" title=\"Ca\u00e7a Vazamentos\" rel=\"bookmark\" ><\/a>\n\t\t\t  \n\n\n\t\t\t<img decoding=\"async\" src=\"https:\/\/www.desentupidoramolaforte.com.br\/site\/wp-content\/uploads\/2015\/07\/caca-vazamento.jpg\" alt=\"Ca\u00e7a Vazamento\" class=\"\" \/>\n\t\t<\/div>\n\n\t\t\t\t\t\n\t<div class=\"portfolio_info\">\n\n\t\t\t\t\t<!-- title-->\n\t\t\t<h4>\n\t\t\t\t<a href=\"https:\/\/www.desentupidoramolaforte.com.br\/site\/servicos\/caca-vazamentos\/\" target=\"_self\"  title=\"Ca\u00e7a Vazamentos\" rel=\"bookmark\">Ca\u00e7a Vazamentos<\/a>\t\n\t\t\t<\/h4>\n\t\t\n\t\t\t\t\t<!-- text-->\n\t\t\t<p>Encanador e ca\u00e7a vazamento a Atitude utiliza para servi\u00e7os de instala\u00e7\u00f5es hidr\u00e1ulicas com trocas e reparos de v\u00e1lvulas de descarga registros torneiras sif\u00f5es e flex\u00edveis, calhas de ralos sifonados e em encanamentos. Detec\u00e7\u00e3o de vazamento, troca de colunas de \u00e1gua pot\u00e1vel esgoto e \u00e1guas pluviais. <\/p>\t\t\t<\/div>\n<\/div>\n<div class=\"item\">\n\n\n\t<!-- portfolio image -->\n\t\t<div class=\"imgeffect\"> \n\n\t\t\t \t\t\t\n\n\t\t\t\t\t\t\t<a href=\"https:\/\/www.desentupidoramolaforte.com.br\/site\/servicos\/desentupimento-de-pia\/\" target=\"_self\" class=\"icon-link single\" title=\"Desentupimento de Pia\" rel=\"bookmark\" ><\/a>\n\t\t\t  \n\n\n\t\t\t<img decoding=\"async\" src=\"https:\/\/www.desentupidoramolaforte.com.br\/site\/wp-content\/uploads\/2015\/07\/desentupimento-de-pia.jpg\" alt=\"Desentupimento de Pia\" class=\"\" \/>\n\t\t<\/div>\n\n\t\t\t\t\t\n\t<div class=\"portfolio_info\">\n\n\t\t\t\t\t<!-- title-->\n\t\t\t<h4>\n\t\t\t\t<a href=\"https:\/\/www.desentupidoramolaforte.com.br\/site\/servicos\/desentupimento-de-pia\/\" target=\"_self\"  title=\"Desentupimento de Pia\" rel=\"bookmark\">Desentupimento de Pia<\/a>\t\n\t\t\t<\/h4>\n\t\t\n\t\t\t\t\t<!-- text-->\n\t\t\t<p>A Atitude Desentupidora viabiliza solu\u00e7\u00f5es profissionais e imediatas, contate nossa empresa via fone ou via chat e imediatamente uma equipe t\u00e9cnica lhe far\u00e1 uma visita e certamente dar\u00e1 a solu\u00e7\u00e3o.<\/p>\t\t\t<\/div>\n<\/div>\n<div class=\"item\">\n\n\n\t<!-- portfolio image -->\n\t\t<div class=\"imgeffect\"> \n\n\t\t\t \t\t\t\n\n\t\t\t\t\t\t\t<a href=\"https:\/\/www.desentupidoramolaforte.com.br\/site\/servicos\/desentupidora-de-redes-pluviais\/\" target=\"_self\" class=\"icon-link single\" title=\"Desentupidora de redes pluviais\" rel=\"bookmark\" ><\/a>\n\t\t\t  \n\n\n\t\t\t<img decoding=\"async\" src=\"https:\/\/www.desentupidoramolaforte.com.br\/site\/wp-content\/uploads\/2015\/07\/Desentupidora-de-redes-pluviais-.jpg\" alt=\"\" class=\"\" \/>\n\t\t<\/div>\n\n\t\t\t\t\t\n\t<div class=\"portfolio_info\">\n\n\t\t\t\t\t<!-- title-->\n\t\t\t<h4>\n\t\t\t\t<a href=\"https:\/\/www.desentupidoramolaforte.com.br\/site\/servicos\/desentupidora-de-redes-pluviais\/\" target=\"_self\"  title=\"Desentupidora de redes pluviais\" rel=\"bookmark\">Desentupidora de redes pluviais<\/a>\t\n\t\t\t<\/h4>\n\t\t\n\t\t\t\t\t<!-- text-->\n\t\t\t<p>O sistema de \u00e1guas pluviais \u00e9 respons\u00e1vel pela condu\u00e7\u00e3o das \u00e1guas provenientes das chuvas. Quatro etapas formam o seu sistema de instala\u00e7\u00e3o que s\u00e3o coleta, condutores, escoamento superficial e rede de coleta. <\/p>\t\t\t<\/div>\n<\/div>\n<div class=\"item\">\n\n\n\t<!-- portfolio image -->\n\t\t<div class=\"imgeffect\"> \n\n\t\t\t \t\t\t\n\n\t\t\t\t\t\t\t<a href=\"https:\/\/www.desentupidoramolaforte.com.br\/site\/servicos\/desentupidora-de-ralos\/\" target=\"_self\" class=\"icon-link single\" title=\"Desentupidora de ralos\" rel=\"bookmark\" ><\/a>\n\t\t\t  \n\n\n\t\t\t<img decoding=\"async\" src=\"https:\/\/www.desentupidoramolaforte.com.br\/site\/wp-content\/uploads\/2015\/07\/Desentupidora-de-ralos-.jpg\" alt=\"\" class=\"\" \/>\n\t\t<\/div>\n\n\t\t\t\t\t\n\t<div class=\"portfolio_info\">\n\n\t\t\t\t\t<!-- title-->\n\t\t\t<h4>\n\t\t\t\t<a href=\"https:\/\/www.desentupidoramolaforte.com.br\/site\/servicos\/desentupidora-de-ralos\/\" target=\"_self\"  title=\"Desentupidora de ralos\" rel=\"bookmark\">Desentupidora de ralos<\/a>\t\n\t\t\t<\/h4>\n\t\t\n\t\t\t\t\t<!-- text-->\n\t\t\t<p>Procure a Atitude, uma empresa especializada e n\u00e3o deixe a situa\u00e7\u00e3o chegar ao extremo acarretando maus odores e transmiss\u00e3o de doen\u00e7as. Desentupir ralo com equipamentos tecnol\u00f3gicos e m\u00e3o de obras especializada tem sido nosso diferencial no mercado de atua\u00e7\u00e3o.<\/p>\t\t\t<\/div>\n<\/div>\n<div class=\"item\">\n\n\n\t<!-- portfolio image -->\n\t\t<div class=\"imgeffect\"> \n\n\t\t\t \t\t\t\n\n\t\t\t\t\t\t\t<a href=\"https:\/\/www.desentupidoramolaforte.com.br\/site\/servicos\/desentupidora-de-redes-de-esgotos\/\" target=\"_self\" class=\"icon-link single\" title=\"Desentupidora de Redes de Esgotos\" rel=\"bookmark\" ><\/a>\n\t\t\t  \n\n\n\t\t\t<img decoding=\"async\" src=\"https:\/\/www.desentupidoramolaforte.com.br\/site\/wp-content\/uploads\/2015\/07\/Desentupidora-de-Redes-de-Esgotos-.jpg\" alt=\"Desentupidora de Redes de Esgotos\" class=\"\" \/>\n\t\t<\/div>\n\n\t\t\t\t\t\n\t<div class=\"portfolio_info\">\n\n\t\t\t\t\t<!-- title-->\n\t\t\t<h4>\n\t\t\t\t<a href=\"https:\/\/www.desentupidoramolaforte.com.br\/site\/servicos\/desentupidora-de-redes-de-esgotos\/\" target=\"_self\"  title=\"Desentupidora de Redes de Esgotos\" rel=\"bookmark\">Desentupidora de Redes de Esgotos<\/a>\t\n\t\t\t<\/h4>\n\t\t\n\t\t\t\t\t<!-- text-->\n\t\t\t<p>A Desentupidora Atitude viabiliza solu\u00e7\u00f5es profissionais e imediatas em desentupimento de esgotos, contate nossa empresa via fone ou via chat e imediatamente uma equipe t\u00e9cnica lhe far\u00e1 uma visita e certamente dar\u00e1 a solu\u00e7\u00e3o desejada.<\/p>\t\t\t<\/div>\n<\/div>\n<div class=\"item\">\n\n\n\t<!-- portfolio image -->\n\t\t<div class=\"imgeffect\"> \n\n\t\t\t \t\t\t\n\n\t\t\t\t\t\t\t<a href=\"https:\/\/www.desentupidoramolaforte.com.br\/site\/servicos\/desentupidora-de-colunas-prediais\/\" target=\"_self\" class=\"icon-link single\" title=\"Desentupidora de colunas prediais\" rel=\"bookmark\" ><\/a>\n\t\t\t  \n\n\n\t\t\t<img decoding=\"async\" src=\"https:\/\/www.desentupidoramolaforte.com.br\/site\/wp-content\/uploads\/2015\/07\/Desentupidora-de-colunas-prediais-.jpg\" alt=\"Desentupidora de colunas prediais\" class=\"\" \/>\n\t\t<\/div>\n\n\t\t\t\t\t\n\t<div class=\"portfolio_info\">\n\n\t\t\t\t\t<!-- title-->\n\t\t\t<h4>\n\t\t\t\t<a href=\"https:\/\/www.desentupidoramolaforte.com.br\/site\/servicos\/desentupidora-de-colunas-prediais\/\" target=\"_self\"  title=\"Desentupidora de colunas prediais\" rel=\"bookmark\">Desentupidora de colunas prediais<\/a>\t\n\t\t\t<\/h4>\n\t\t\n\t\t\t\t\t<!-- text-->\n\t\t\t<p>O uso inadequado das tubula\u00e7\u00f5es, com o descarte de potenciais agentes causadores de obstru\u00e7\u00f5es, como absorventes higi\u00eanicos, preservativos e, no caso das Colunas Prediais, o descarte de restos de frituras e \u00f3leo, que se solidificar\u00e3o e causar\u00e3o graves obstru\u00e7\u00f5es nas canaliza\u00e7\u00f5es. <\/p>\t\t\t<\/div>\n<\/div>\n<div class=\"item\">\n\n\n\t<!-- portfolio image -->\n\t\t<div class=\"imgeffect\"> \n\n\t\t\t \t\t\t\n\n\t\t\t\t\t\t\t<a href=\"https:\/\/www.desentupidoramolaforte.com.br\/site\/servicos\/desentupidora-de-residencias-em-geral\/\" target=\"_self\" class=\"icon-link single\" title=\"Desentupidora de Resid\u00eancias em Geral\" rel=\"bookmark\" ><\/a>\n\t\t\t  \n\n\n\t\t\t<img decoding=\"async\" src=\"https:\/\/www.desentupidoramolaforte.com.br\/site\/wp-content\/uploads\/2015\/07\/Desentupidora-de-residencias-em-geral-480x320.jpg\" alt=\"Desentupidora de Resid\u00eancias em Geral\" class=\"\" \/>\n\t\t<\/div>\n\n\t\t\t\t\t\n\t<div class=\"portfolio_info\">\n\n\t\t\t\t\t<!-- title-->\n\t\t\t<h4>\n\t\t\t\t<a href=\"https:\/\/www.desentupidoramolaforte.com.br\/site\/servicos\/desentupidora-de-residencias-em-geral\/\" target=\"_self\"  title=\"Desentupidora de Resid\u00eancias em Geral\" rel=\"bookmark\">Desentupidora de Resid\u00eancias em Geral<\/a>\t\n\t\t\t<\/h4>\n\t\t\n\t\t\t\t\t<!-- text-->\n\t\t\t<p>Cuidados no banheiro Os problemas mais comuns ocasionados em entupimentos numa resid\u00eancia \u00e9 oriundo a objetos despejados em vasos sanit\u00e1rios como; absorventes, \u201cbitucas\u201d de cigarros entre outros. <\/p>\t\t\t<\/div>\n<\/div>\n<\/div><\/section><\/div><\/div>\n\t\t<script type=\"text\/javascript\">\n\t\t \/* <![CDATA[ *\/ \n\t\t\t\/\/ run carousel\n\t\t\t\tjQuery(document).ready(function() { \n\t\t\t\t\t jQuery(\"#portfolio-carousel-711496\").rt_start_carousels(3,\"rounded_carousel\");\n\t\t\t\t}); \n\t\t\/* ]]> *\/\t\n\t\t<\/script>\n\t\n","protected":false},"excerpt":{"rendered":"","protected":false},"author":1,"featured_media":0,"parent":0,"menu_order":0,"comment_status":"open","ping_status":"open","template":"","meta":{"footnotes":""},"class_list":["post-6","page","type-page","status-publish","hentry"],"yoast_head":"<!-- This site is optimized with the Yoast SEO plugin v27.4 - https:\/\/yoast.com\/product\/yoast-seo-wordpress\/ -->\n<title>Home - Desentupidora Mola Forte<\/title>\n<meta name=\"robots\" content=\"index, follow, max-snippet:-1, max-image-preview:large, max-video-preview:-1\" \/>\n<link rel=\"canonical\" href=\"http:\/\/www.desentupidoramolaforte.com.br\/site\/\" \/>\n<meta property=\"og:locale\" content=\"pt_BR\" \/>\n<meta property=\"og:type\" content=\"article\" \/>\n<meta property=\"og:title\" content=\"Home - Desentupidora Mola Forte\" \/>\n<meta property=\"og:url\" content=\"http:\/\/www.desentupidoramolaforte.com.br\/site\/\" \/>\n<meta property=\"og:site_name\" content=\"Desentupidora Mola Forte\" \/>\n<meta property=\"article:modified_time\" content=\"2015-07-09T19:18:11+00:00\" \/>\n<meta name=\"twitter:card\" content=\"summary_large_image\" \/>\n<script type=\"application\/ld+json\" class=\"yoast-schema-graph\">{\"@context\":\"https:\\\/\\\/schema.org\",\"@graph\":[{\"@type\":\"WebPage\",\"@id\":\"http:\\\/\\\/www.desentupidoramolaforte.com.br\\\/site\\\/\",\"url\":\"http:\\\/\\\/www.desentupidoramolaforte.com.br\\\/site\\\/\",\"name\":\"Home - Desentupidora Mola Forte\",\"isPartOf\":{\"@id\":\"http:\\\/\\\/www.desentupidoramolaforte.com.br\\\/site\\\/#website\"},\"datePublished\":\"2015-06-22T12:41:55+00:00\",\"dateModified\":\"2015-07-09T19:18:11+00:00\",\"breadcrumb\":{\"@id\":\"http:\\\/\\\/www.desentupidoramolaforte.com.br\\\/site\\\/#breadcrumb\"},\"inLanguage\":\"pt-BR\",\"potentialAction\":[{\"@type\":\"ReadAction\",\"target\":[\"http:\\\/\\\/www.desentupidoramolaforte.com.br\\\/site\\\/\"]}]},{\"@type\":\"BreadcrumbList\",\"@id\":\"http:\\\/\\\/www.desentupidoramolaforte.com.br\\\/site\\\/#breadcrumb\",\"itemListElement\":[{\"@type\":\"ListItem\",\"position\":1,\"name\":\"In\u00edcio\",\"item\":\"http:\\\/\\\/www.desentupidoramolaforte.com.br\\\/site\\\/\"},{\"@type\":\"ListItem\",\"position\":2,\"name\":\"Home\"}]},{\"@type\":\"WebSite\",\"@id\":\"http:\\\/\\\/www.desentupidoramolaforte.com.br\\\/site\\\/#website\",\"url\":\"http:\\\/\\\/www.desentupidoramolaforte.com.br\\\/site\\\/\",\"name\":\"Desentupidora Mola Forte\",\"description\":\"Atendemos Joinville e Regi\u00e3o!\",\"publisher\":{\"@id\":\"http:\\\/\\\/www.desentupidoramolaforte.com.br\\\/site\\\/#organization\"},\"potentialAction\":[{\"@type\":\"SearchAction\",\"target\":{\"@type\":\"EntryPoint\",\"urlTemplate\":\"http:\\\/\\\/www.desentupidoramolaforte.com.br\\\/site\\\/?s={search_term_string}\"},\"query-input\":{\"@type\":\"PropertyValueSpecification\",\"valueRequired\":true,\"valueName\":\"search_term_string\"}}],\"inLanguage\":\"pt-BR\"},{\"@type\":\"Organization\",\"@id\":\"http:\\\/\\\/www.desentupidoramolaforte.com.br\\\/site\\\/#organization\",\"name\":\"Desentupidora Mola Forte\",\"url\":\"http:\\\/\\\/www.desentupidoramolaforte.com.br\\\/site\\\/\",\"logo\":{\"@type\":\"ImageObject\",\"inLanguage\":\"pt-BR\",\"@id\":\"http:\\\/\\\/www.desentupidoramolaforte.com.br\\\/site\\\/#\\\/schema\\\/logo\\\/image\\\/\",\"url\":\"http:\\\/\\\/www.desentupidoramolaforte.com.br\\\/site\\\/wp-content\\\/uploads\\\/2021\\\/06\\\/logo.png\",\"contentUrl\":\"http:\\\/\\\/www.desentupidoramolaforte.com.br\\\/site\\\/wp-content\\\/uploads\\\/2021\\\/06\\\/logo.png\",\"width\":358,\"height\":135,\"caption\":\"Desentupidora Mola Forte\"},\"image\":{\"@id\":\"http:\\\/\\\/www.desentupidoramolaforte.com.br\\\/site\\\/#\\\/schema\\\/logo\\\/image\\\/\"}}]}<\/script>\n<!-- \/ Yoast SEO plugin. -->","yoast_head_json":{"title":"Home - Desentupidora Mola Forte","robots":{"index":"index","follow":"follow","max-snippet":"max-snippet:-1","max-image-preview":"max-image-preview:large","max-video-preview":"max-video-preview:-1"},"canonical":"http:\/\/www.desentupidoramolaforte.com.br\/site\/","og_locale":"pt_BR","og_type":"article","og_title":"Home - Desentupidora Mola Forte","og_url":"http:\/\/www.desentupidoramolaforte.com.br\/site\/","og_site_name":"Desentupidora Mola Forte","article_modified_time":"2015-07-09T19:18:11+00:00","twitter_card":"summary_large_image","schema":{"@context":"https:\/\/schema.org","@graph":[{"@type":"WebPage","@id":"http:\/\/www.desentupidoramolaforte.com.br\/site\/","url":"http:\/\/www.desentupidoramolaforte.com.br\/site\/","name":"Home - Desentupidora Mola Forte","isPartOf":{"@id":"http:\/\/www.desentupidoramolaforte.com.br\/site\/#website"},"datePublished":"2015-06-22T12:41:55+00:00","dateModified":"2015-07-09T19:18:11+00:00","breadcrumb":{"@id":"http:\/\/www.desentupidoramolaforte.com.br\/site\/#breadcrumb"},"inLanguage":"pt-BR","potentialAction":[{"@type":"ReadAction","target":["http:\/\/www.desentupidoramolaforte.com.br\/site\/"]}]},{"@type":"BreadcrumbList","@id":"http:\/\/www.desentupidoramolaforte.com.br\/site\/#breadcrumb","itemListElement":[{"@type":"ListItem","position":1,"name":"In\u00edcio","item":"http:\/\/www.desentupidoramolaforte.com.br\/site\/"},{"@type":"ListItem","position":2,"name":"Home"}]},{"@type":"WebSite","@id":"http:\/\/www.desentupidoramolaforte.com.br\/site\/#website","url":"http:\/\/www.desentupidoramolaforte.com.br\/site\/","name":"Desentupidora Mola Forte","description":"Atendemos Joinville e Regi\u00e3o!","publisher":{"@id":"http:\/\/www.desentupidoramolaforte.com.br\/site\/#organization"},"potentialAction":[{"@type":"SearchAction","target":{"@type":"EntryPoint","urlTemplate":"http:\/\/www.desentupidoramolaforte.com.br\/site\/?s={search_term_string}"},"query-input":{"@type":"PropertyValueSpecification","valueRequired":true,"valueName":"search_term_string"}}],"inLanguage":"pt-BR"},{"@type":"Organization","@id":"http:\/\/www.desentupidoramolaforte.com.br\/site\/#organization","name":"Desentupidora Mola Forte","url":"http:\/\/www.desentupidoramolaforte.com.br\/site\/","logo":{"@type":"ImageObject","inLanguage":"pt-BR","@id":"http:\/\/www.desentupidoramolaforte.com.br\/site\/#\/schema\/logo\/image\/","url":"http:\/\/www.desentupidoramolaforte.com.br\/site\/wp-content\/uploads\/2021\/06\/logo.png","contentUrl":"http:\/\/www.desentupidoramolaforte.com.br\/site\/wp-content\/uploads\/2021\/06\/logo.png","width":358,"height":135,"caption":"Desentupidora Mola Forte"},"image":{"@id":"http:\/\/www.desentupidoramolaforte.com.br\/site\/#\/schema\/logo\/image\/"}}]}},"_links":{"self":[{"href":"https:\/\/www.desentupidoramolaforte.com.br\/site\/wp-json\/wp\/v2\/pages\/6","targetHints":{"allow":["GET"]}}],"collection":[{"href":"https:\/\/www.desentupidoramolaforte.com.br\/site\/wp-json\/wp\/v2\/pages"}],"about":[{"href":"https:\/\/www.desentupidoramolaforte.com.br\/site\/wp-json\/wp\/v2\/types\/page"}],"author":[{"embeddable":true,"href":"https:\/\/www.desentupidoramolaforte.com.br\/site\/wp-json\/wp\/v2\/users\/1"}],"replies":[{"embeddable":true,"href":"https:\/\/www.desentupidoramolaforte.com.br\/site\/wp-json\/wp\/v2\/comments?post=6"}],"version-history":[{"count":18,"href":"https:\/\/www.desentupidoramolaforte.com.br\/site\/wp-json\/wp\/v2\/pages\/6\/revisions"}],"predecessor-version":[{"id":191,"href":"https:\/\/www.desentupidoramolaforte.com.br\/site\/wp-json\/wp\/v2\/pages\/6\/revisions\/191"}],"wp:attachment":[{"href":"https:\/\/www.desentupidoramolaforte.com.br\/site\/wp-json\/wp\/v2\/media?parent=6"}],"curies":[{"name":"wp","href":"https:\/\/api.w.org\/{rel}","templated":true}]}}